Nov 30 23:52:13.477 INFO testing termoshtt/llvmenv against master#8940af3cea4a9a9deabcaf843b2f8cad9a83fc61 for beta-1.31-5
Nov 30 23:52:13.477 INFO running `"docker" "create" "-v" "/mnt/big/crater/work/local/target-dirs/beta-1.31-5/worker-2/master#8940af3cea4a9a9deabcaf843b2f8cad9a83fc61:/target:rw,Z" "-v" "/mnt/big/crater/work/local/test-source/worker-2/beta-1.31-5/master#8940af3cea4a9a9deabcaf843b2f8cad9a83fc61:/source:ro,Z" "-v" "/mnt/big/crater/work/local/cargo-home:/cargo-home:ro,Z" "-v" "/mnt/big/crater/work/local/rustup-home:/rustup-home:ro,Z" "-e" "USER_ID=1000" "-e" "SOURCE_DIR=/source" "-e" "USER_ID=1000" "-e" "CMD=cargo +8940af3cea4a9a9deabcaf843b2f8cad9a83fc61-alt build --frozen" "-e" "CARGO_TARGET_DIR=/target" "-e" "CARGO_INCREMENTAL=0" "-e" "RUST_BACKTRACE=full" "-e" "RUSTFLAGS=--cap-lints=warn" "-e" "CARGO_HOME=/cargo-home" "-e" "RUSTUP_HOME=/rustup-home" "-m" "1536M" "--network" "none" "crater"`
Nov 30 23:52:14.235 INFO [stdout] bf48feecf8aa776c6ef89719850f9f4f294af4ae95742f34c00c0a09ddb194ef
Nov 30 23:52:14.237 INFO running `"docker" "start" "-a" "bf48feecf8aa776c6ef89719850f9f4f294af4ae95742f34c00c0a09ddb194ef"`
Nov 30 23:52:16.201 INFO [stderr] usermod: no changes
Nov 30 23:52:16.671 INFO [stderr]    Compiling string v0.1.2
Nov 30 23:52:16.672 INFO [stderr]    Compiling regex v1.0.6
Nov 30 23:52:16.699 INFO [stderr]    Compiling shellexpand v1.0.0
Nov 30 23:52:16.702 INFO [stderr]    Compiling fs_extra v1.1.0
Nov 30 23:52:16.759 INFO [stderr]    Compiling regex-syntax v0.6.3
Nov 30 23:52:16.759 INFO [stderr]    Compiling humantime v1.2.0
Nov 30 23:52:16.759 INFO [stderr]    Compiling itertools v0.7.11
Nov 30 23:52:16.760 INFO [stderr]    Compiling want v0.0.6
Nov 30 23:52:18.751 INFO [stderr]    Compiling atty v0.2.11
Nov 30 23:52:18.775 INFO [stderr]    Compiling dirs v1.0.4
Nov 30 23:52:21.475 INFO [stderr]    Compiling toml v0.4.9
Nov 30 23:52:23.607 INFO [stderr]    Compiling uuid v0.7.1
Nov 30 23:52:23.609 INFO [stderr]    Compiling mio v0.6.16
Nov 30 23:52:23.628 INFO [stderr]    Compiling clap v2.32.0
Nov 30 23:52:23.736 INFO [stderr]    Compiling syn v0.15.22
Nov 30 23:52:23.776 INFO [stderr]    Compiling tokio-io v0.1.10
Nov 30 23:52:32.439 INFO [stderr]    Compiling http v0.1.14
Nov 30 23:52:32.479 INFO [stderr]    Compiling native-tls v0.2.2
Nov 30 23:52:34.347 INFO [stderr]    Compiling tokio-codec v0.1.1
Nov 30 23:52:44.031 INFO [stderr]    Compiling tokio-threadpool v0.1.9
Nov 30 23:52:44.187 INFO [stderr]    Compiling tempfile v3.0.5
Nov 30 23:52:44.187 INFO [stderr]    Compiling mio-uds v0.6.7
Nov 30 23:52:45.171 INFO [stderr]    Compiling tokio-reactor v0.1.7
Nov 30 23:53:18.563 INFO [stderr]    Compiling tokio-uds v0.2.4
Nov 30 23:53:18.694 INFO [stderr]    Compiling tokio-tcp v0.1.2
Nov 30 23:53:19.191 INFO [stderr]    Compiling tokio-udp v0.1.3
Nov 30 23:53:19.624 INFO [stderr]    Compiling tokio-fs v0.1.4
Nov 30 23:53:19.682 INFO [stderr]    Compiling h2 v0.1.13
Nov 30 23:53:20.247 INFO [stderr]    Compiling synstructure v0.10.1
Nov 30 23:53:20.247 INFO [stderr]    Compiling structopt-derive v0.2.13
Nov 30 23:53:25.471 INFO [stderr]    Compiling serde_derive v1.0.80
Nov 30 23:53:25.523 INFO [stderr]    Compiling tokio v0.1.13
Nov 30 23:53:35.675 INFO [stderr]    Compiling failure_derive v0.1.3
Nov 30 23:53:46.923 INFO [stderr]    Compiling structopt v0.2.13
Nov 30 23:53:50.584 INFO [stderr]    Compiling failure v0.1.3
Nov 30 23:53:52.847 INFO [stderr]    Compiling env_logger v0.5.13
Nov 30 23:53:56.014 INFO [stderr]    Compiling hyper v0.12.16
Nov 30 23:54:12.434 INFO [stderr]    Compiling hyper-tls v0.3.1
Nov 30 23:54:13.460 INFO [stderr]    Compiling reqwest v0.9.5
Nov 30 23:54:26.379 INFO [stderr]    Compiling llvmenv v0.2.0-alpha.2 (/source)
Nov 30 23:54:41.187 INFO [stderr]     Finished dev [unoptimized + debuginfo] target(s) in 2m 24s
Nov 30 23:54:41.215 INFO [stderr] su: No module specific data is present
Nov 30 23:54:42.785 INFO running `"docker" "inspect" "bf48feecf8aa776c6ef89719850f9f4f294af4ae95742f34c00c0a09ddb194ef"`
Nov 30 23:54:43.155 INFO running `"docker" "rm" "-f" "bf48feecf8aa776c6ef89719850f9f4f294af4ae95742f34c00c0a09ddb194ef"`
Nov 30 23:54:43.535 INFO [stdout] bf48feecf8aa776c6ef89719850f9f4f294af4ae95742f34c00c0a09ddb194ef
Nov 30 23:54:43.542 INFO running `"docker" "create" "-v" "/mnt/big/crater/work/local/target-dirs/beta-1.31-5/worker-2/master#8940af3cea4a9a9deabcaf843b2f8cad9a83fc61:/target:rw,Z" "-v" "/mnt/big/crater/work/local/test-source/worker-2/beta-1.31-5/master#8940af3cea4a9a9deabcaf843b2f8cad9a83fc61:/source:ro,Z" "-v" "/mnt/big/crater/work/local/cargo-home:/cargo-home:ro,Z" "-v" "/mnt/big/crater/work/local/rustup-home:/rustup-home:ro,Z" "-e" "USER_ID=1000" "-e" "SOURCE_DIR=/source" "-e" "USER_ID=1000" "-e" "CMD=cargo +8940af3cea4a9a9deabcaf843b2f8cad9a83fc61-alt test --frozen --no-run" "-e" "CARGO_TARGET_DIR=/target" "-e" "CARGO_INCREMENTAL=0" "-e" "RUST_BACKTRACE=full" "-e" "RUSTFLAGS=--cap-lints=warn" "-e" "CARGO_HOME=/cargo-home" "-e" "RUSTUP_HOME=/rustup-home" "-m" "1536M" "--network" "none" "crater"`
Nov 30 23:54:44.081 INFO [stdout] 24b093d1ca6db04554b544e49904dabee2d7b32e2b104aee375832c3e18ebc0b
Nov 30 23:54:44.083 INFO running `"docker" "start" "-a" "24b093d1ca6db04554b544e49904dabee2d7b32e2b104aee375832c3e18ebc0b"`
Nov 30 23:54:46.632 INFO [stderr] usermod: no changes
Nov 30 23:54:47.087 INFO [stderr]    Compiling llvmenv v0.2.0-alpha.2 (/source)
Nov 30 23:54:56.435 INFO [stderr]     Finished dev [unoptimized + debuginfo] target(s) in 9.74s
Nov 30 23:54:56.463 INFO [stderr] su: No module specific data is present
Nov 30 23:54:57.537 INFO running `"docker" "inspect" "24b093d1ca6db04554b544e49904dabee2d7b32e2b104aee375832c3e18ebc0b"`
Nov 30 23:54:57.879 INFO running `"docker" "rm" "-f" "24b093d1ca6db04554b544e49904dabee2d7b32e2b104aee375832c3e18ebc0b"`
Nov 30 23:54:58.125 INFO [stdout] 24b093d1ca6db04554b544e49904dabee2d7b32e2b104aee375832c3e18ebc0b
Nov 30 23:54:58.129 INFO running `"docker" "create" "-v" "/mnt/big/crater/work/local/target-dirs/beta-1.31-5/worker-2/master#8940af3cea4a9a9deabcaf843b2f8cad9a83fc61:/target:rw,Z" "-v" "/mnt/big/crater/work/local/test-source/worker-2/beta-1.31-5/master#8940af3cea4a9a9deabcaf843b2f8cad9a83fc61:/source:ro,Z" "-v" "/mnt/big/crater/work/local/cargo-home:/cargo-home:ro,Z" "-v" "/mnt/big/crater/work/local/rustup-home:/rustup-home:ro,Z" "-e" "USER_ID=1000" "-e" "SOURCE_DIR=/source" "-e" "USER_ID=1000" "-e" "CMD=cargo +8940af3cea4a9a9deabcaf843b2f8cad9a83fc61-alt test --frozen" "-e" "CARGO_TARGET_DIR=/target" "-e" "CARGO_INCREMENTAL=0" "-e" "RUST_BACKTRACE=full" "-e" "RUSTFLAGS=--cap-lints=warn" "-e" "CARGO_HOME=/cargo-home" "-e" "RUSTUP_HOME=/rustup-home" "-m" "1536M" "--network" "none" "crater"`
Nov 30 23:54:58.643 INFO [stdout] 12eed62a63b68a2139a5d9accfde5b116e6485bd639c8189bc56cb946eeb2ac8
Nov 30 23:54:58.649 INFO running `"docker" "start" "-a" "12eed62a63b68a2139a5d9accfde5b116e6485bd639c8189bc56cb946eeb2ac8"`
Nov 30 23:55:00.198 INFO [stderr] usermod: no changes
Nov 30 23:55:00.521 INFO [stderr]     Finished dev [unoptimized + debuginfo] target(s) in 0.29s
Nov 30 23:55:00.545 INFO [stderr]      Running /target/debug/deps/llvmenv-0081f4bd32fc7114
Nov 30 23:55:00.555 INFO [stdout] 
Nov 30 23:55:00.555 INFO [stdout] running 5 tests
Nov 30 23:55:00.571 INFO [stdout] test resource::tests::test_get_filename_from_url ... ok
Nov 30 23:55:00.843 INFO [stdout] test entry::tests::test_parse_setting ... ok
Nov 30 23:55:00.843 INFO [stdout] test build::tests::test_parse_version ... ok
Nov 30 23:55:00.997 INFO [stdout] test resource::tests::test_tar_download ... FAILED
Nov 30 23:55:00.997 INFO [stdout] test resource::tests::test_git_donwload ... FAILED
Nov 30 23:55:00.997 INFO [stdout] 
Nov 30 23:55:00.997 INFO [stdout] failures:
Nov 30 23:55:00.997 INFO [stdout] 
Nov 30 23:55:00.997 INFO [stdout] ---- resource::tests::test_tar_download stdout ----
Nov 30 23:55:00.997 INFO [stdout] Error: Os { code: 13, kind: PermissionDenied, message: "Permission denied" }
Nov 30 23:55:00.997 INFO [stdout] 
Nov 30 23:55:00.997 INFO [stdout] stack backtrace:
Nov 30 23:55:00.997 INFO [stdout]    0:     0x56273057dfe6 - backtrace::backtrace::libunwind::trace::h64223e38b1db3467
Nov 30 23:55:00.997 INFO [stdout]                         at /cargo-home/registry/src/github.com-1ecc6299db9ec823/backtrace-0.3.9/src/backtrace/libunwind.rs:53
Nov 30 23:55:00.997 INFO [stdout]                          - backtrace::backtrace::trace::h5ae7f2b9d7860414
Nov 30 23:55:00.997 INFO [stdout]                         at /cargo-home/registry/src/github.com-1ecc6299db9ec823/backtrace-0.3.9/src/backtrace/mod.rs:42
Nov 30 23:55:00.997 INFO [stdout]    1:     0x5627305786a3 - backtrace::capture::Backtrace::new_unresolved::h4e19f78a13bd9aa1
Nov 30 23:55:00.997 INFO [stdout]                         at /cargo-home/registry/src/github.com-1ecc6299db9ec823/backtrace-0.3.9/src/capture.rs:88
Nov 30 23:55:00.997 INFO [stdout]    2:     0x562730577003 - failure::backtrace::internal::InternalBacktrace::new::h93a341dc5679e3fe
Nov 30 23:55:00.997 INFO [stdout]                         at /cargo-home/registry/src/github.com-1ecc6299db9ec823/failure-0.1.3/src/backtrace/internal.rs:44
Nov 30 23:55:00.997 INFO [stdout]    3:     0x56273057655c - failure::backtrace::Backtrace::new::h6cc5896610e8414d
Nov 30 23:55:00.997 INFO [stdout]                         at /cargo-home/registry/src/github.com-1ecc6299db9ec823/failure-0.1.3/src/backtrace/mod.rs:111
Nov 30 23:55:00.997 INFO [stdout]    4:     0x56272fe1f985 - <failure::error::error_impl::ErrorImpl as core::convert::From<F>>::from::h939cbdc0f18a3b1e
Nov 30 23:55:00.997 INFO [stdout]                         at /cargo-home/registry/src/github.com-1ecc6299db9ec823/failure-0.1.3/src/error/error_impl.rs:19
Nov 30 23:55:00.997 INFO [stdout]    5:     0x56272fe3251e - <failure::error::Error as core::convert::From<F>>::from::h89e249c1e47bd2ae
Nov 30 23:55:00.997 INFO [stdout]                         at /cargo-home/registry/src/github.com-1ecc6299db9ec823/failure-0.1.3/src/error/mod.rs:36
Nov 30 23:55:00.997 INFO [stdout]    6:     0x56272fe2ec56 - llvmenv::config::cache_dir::h47892177287096c3
Nov 30 23:55:00.997 INFO [stdout]                         at src/config.rs:30
Nov 30 23:55:00.997 INFO [stdout]    7:     0x56272fe2f5cf - llvmenv::resource::tests::test_tar_download::h06329c9f27f081de
Nov 30 23:55:00.997 INFO [stdout]                         at src/resource.rs:250
Nov 30 23:55:00.997 INFO [stdout]    8:     0x56272fe2f52d - llvmenv::resource::tests::test_tar_download::{{closure}}::hc5d7d098607ac43a
Nov 30 23:55:00.997 INFO [stdout]                         at src/resource.rs:246
Nov 30 23:55:00.997 INFO [stdout]    9:     0x56272fe17d4d - core::ops::function::FnOnce::call_once::h4092b1d8b96f2b08
Nov 30 23:55:00.997 INFO [stdout]                         at libcore/ops/function.rs:238
Nov 30 23:55:00.997 INFO [stdout]   10:     0x56272fe3c10e - test::run_test::{{closure}}::h22f923ed51962bb2
Nov 30 23:55:00.997 INFO [stdout]                         at libtest/lib.rs:1468
Nov 30 23:55:00.997 INFO [stdout]                          - core::ops::function::FnOnce::call_once::he2d9197ddf9e830c
Nov 30 23:55:00.998 INFO [stdout]                         at libcore/ops/function.rs:238
Nov 30 23:55:00.998 INFO [stdout]                          - <F as alloc::boxed::FnBox<A>>::call_box::hac903f91577a156c
Nov 30 23:55:00.998 INFO [stdout]                         at liballoc/boxed.rs:672
Nov 30 23:55:00.998 INFO [stdout]   11:     0x5627305ce0f9 - __rust_maybe_catch_panic
Nov 30 23:55:00.998 INFO [stdout]                         at libpanic_unwind/lib.rs:102
Nov 30 23:55:00.998 INFO [stdout]   12:     0x56272fe5dd62 - std::panicking::try::h86d959bc0ec6cdfc
Nov 30 23:55:00.998 INFO [stdout]                         at libstd/panicking.rs:289
Nov 30 23:55:00.998 INFO [stdout]                          - std::panic::catch_unwind::h58f3b0b822e24260
Nov 30 23:55:00.998 INFO [stdout]                         at libstd/panic.rs:392
Nov 30 23:55:00.998 INFO [stdout]                          - test::run_test::run_test_inner::{{closure}}::h6052d99a909b4d79
Nov 30 23:55:00.998 INFO [stdout]                         at libtest/lib.rs:1423
Nov 30 23:55:00.998 INFO [stdout]                          - std::sys_common::backtrace::__rust_begin_short_backtrace::hb8f0d0309526c184
Nov 30 23:55:00.998 INFO [stdout]                         at libstd/sys_common/backtrace.rs:136
Nov 30 23:55:00.998 INFO [stdout]   13:     0x56272fe5e814 - std::thread::Builder::spawn::{{closure}}::{{closure}}::he41bdc16beab5bc6
Nov 30 23:55:00.998 INFO [stdout]                         at libstd/thread/mod.rs:409
Nov 30 23:55:00.998 INFO [stdout]                          - <std::panic::AssertUnwindSafe<F> as core::ops::function::FnOnce<()>>::call_once::h250f97bbd023a26e
Nov 30 23:55:00.998 INFO [stdout]                         at libstd/panic.rs:313
Nov 30 23:55:00.998 INFO [stdout]                          - std::panicking::try::do_call::hc2f7c8b9a348d8db
Nov 30 23:55:00.998 INFO [stdout]                         at libstd/panicking.rs:310
Nov 30 23:55:00.998 INFO [stdout]   14:     0x5627305ce0f9 - __rust_maybe_catch_panic
Nov 30 23:55:00.998 INFO [stdout]                         at libpanic_unwind/lib.rs:102
Nov 30 23:55:00.998 INFO [stdout]   15:     0x56272fe4ba4c - std::panicking::try::h060637bb9966bca1
Nov 30 23:55:00.998 INFO [stdout]                         at libstd/panicking.rs:289
Nov 30 23:55:00.998 INFO [stdout]                          - std::panic::catch_unwind::hbb63bac845704635
Nov 30 23:55:00.998 INFO [stdout]                         at libstd/panic.rs:392
Nov 30 23:55:00.998 INFO [stdout]                          - std::thread::Builder::spawn::{{closure}}::h3a662d8ffcf3ef15
Nov 30 23:55:00.998 INFO [stdout]                         at libstd/thread/mod.rs:408
Nov 30 23:55:00.998 INFO [stdout]                          - <F as alloc::boxed::FnBox<A>>::call_box::h6bfded618e480b32
Nov 30 23:55:00.998 INFO [stdout]                         at liballoc/boxed.rs:672
Nov 30 23:55:00.998 INFO [stdout]   16:     0x5627305b8add - <alloc::boxed::Box<(dyn alloc::boxed::FnBox<A, Output=R> + 'a)> as core::ops::function::FnOnce<A>>::call_once::h107741f455b08c4c
Nov 30 23:55:00.998 INFO [stdout]                         at liballoc/boxed.rs:682
Nov 30 23:55:00.998 INFO [stdout]                          - std::sys_common::thread::start_thread::h4c28257d67cdf9cb
Nov 30 23:55:00.998 INFO [stdout]                         at libstd/sys_common/thread.rs:24
Nov 30 23:55:00.998 INFO [stdout]   17:     0x5627305a7fa5 - std::sys::unix::thread::Thread::new::thread_start::hfecb2e7eff8fd34f
Nov 30 23:55:00.998 INFO [stdout]                         at libstd/sys/unix/thread.rs:90
Nov 30 23:55:00.998 INFO [stdout]   18:     0x7f940be3b6b9 - start_thread
Nov 30 23:55:00.998 INFO [stdout]   19:     0x7f940b95b41c - clone
Nov 30 23:55:00.998 INFO [stdout]   20:                0x0 - <unknown>
Nov 30 23:55:00.998 INFO [stdout] thread 'resource::tests::test_tar_download' panicked at 'assertion failed: `(left == right)`
Nov 30 23:55:00.998 INFO [stdout]   left: `1`,
Nov 30 23:55:00.998 INFO [stdout]  right: `0`: the test returned a termination value with a non-zero status code (1) which indicates a failure', libtest/lib.rs:337:5
Nov 30 23:55:00.998 INFO [stdout] stack backtrace:
Nov 30 23:55:00.998 INFO [stdout]    0:     0x5627305b626f - std::sys::unix::backtrace::tracing::imp::unwind_backtrace::h3a8b83e1922cbdde
Nov 30 23:55:00.998 INFO [stdout]                                at libstd/sys/unix/backtrace/tracing/gcc_s.rs:49
Nov 30 23:55:00.998 INFO [stdout]    1:     0x5627305c3147 - std::sys_common::backtrace::print::h00d3155a29b4020f
Nov 30 23:55:00.998 INFO [stdout]                                at libstd/sys_common/backtrace.rs:71
Nov 30 23:55:00.998 INFO [stdout]                                at libstd/sys_common/backtrace.rs:59
Nov 30 23:55:00.998 INFO [stdout]    2:     0x5627305bb94f - std::panicking::default_hook::{{closure}}::hd7465c742e79e1bb
Nov 30 23:55:00.998 INFO [stdout]                                at libstd/panicking.rs:211
Nov 30 23:55:00.998 INFO [stdout]    3:     0x5627305bb64e - std::panicking::default_hook::h9e3966f2aa2a6e12
Nov 30 23:55:00.998 INFO [stdout]                                at libstd/panicking.rs:221
Nov 30 23:55:00.998 INFO [stdout]    4:     0x5627305bc02e - std::panicking::rust_panic_with_hook::h587f091ae747d080
Nov 30 23:55:00.998 INFO [stdout]                                at libstd/panicking.rs:476
Nov 30 23:55:00.998 INFO [stdout]    5:     0x5627305bbbd1 - std::panicking::continue_panic_fmt::hb3a4fdede87f43a8
Nov 30 23:55:00.998 INFO [stdout]                                at libstd/panicking.rs:390
Nov 30 23:55:00.998 INFO [stdout]    6:     0x5627305bbb1e - std::panicking::begin_panic_fmt::h387afc7da9a10555
Nov 30 23:55:00.998 INFO [stdout]                                at libstd/panicking.rs:345
Nov 30 23:55:00.998 INFO [stdout]    7:     0x56272fe1e02c - test::assert_test_result::h99dbb7056da97a16
Nov 30 23:55:00.998 INFO [stdout]                                at /source/<::std::macros::panic macros>:8
Nov 30 23:55:00.998 INFO [stdout]    8:     0x56272fe2f544 - llvmenv::resource::tests::test_tar_download::{{closure}}::hc5d7d098607ac43a
Nov 30 23:55:00.998 INFO [stdout]                                at src/resource.rs:246
Nov 30 23:55:00.998 INFO [stdout]    9:     0x56272fe17d4d - core::ops::function::FnOnce::call_once::h4092b1d8b96f2b08
Nov 30 23:55:00.998 INFO [stdout]                                at libcore/ops/function.rs:238
Nov 30 23:55:00.998 INFO [stdout]   10:     0x56272fe3c10e - <F as alloc::boxed::FnBox<A>>::call_box::hac903f91577a156c
Nov 30 23:55:00.998 INFO [stdout]                                at libtest/lib.rs:1468
Nov 30 23:55:00.998 INFO [stdout]                                at libcore/ops/function.rs:238
Nov 30 23:55:00.998 INFO [stdout]                                at liballoc/boxed.rs:672
Nov 30 23:55:00.998 INFO [stdout]   11:     0x5627305ce0f9 - __rust_maybe_catch_panic
Nov 30 23:55:00.998 INFO [stdout]                                at libpanic_unwind/lib.rs:102
Nov 30 23:55:00.998 INFO [stdout]   12:     0x56272fe5dd62 - std::sys_common::backtrace::__rust_begin_short_backtrace::hb8f0d0309526c184
Nov 30 23:55:00.998 INFO [stdout]                                at libstd/panicking.rs:289
Nov 30 23:55:00.998 INFO [stdout]                                at libstd/panic.rs:392
Nov 30 23:55:00.998 INFO [stdout]                                at libtest/lib.rs:1423
Nov 30 23:55:00.998 INFO [stdout]                                at libstd/sys_common/backtrace.rs:136
Nov 30 23:55:00.998 INFO [stdout]   13:     0x56272fe5e814 - std::panicking::try::do_call::hc2f7c8b9a348d8db
Nov 30 23:55:00.998 INFO [stdout]                                at libstd/thread/mod.rs:409
Nov 30 23:55:00.998 INFO [stdout]                                at libstd/panic.rs:313
Nov 30 23:55:00.998 INFO [stdout]                                at libstd/panicking.rs:310
Nov 30 23:55:00.998 INFO [stdout]   14:     0x5627305ce0f9 - __rust_maybe_catch_panic
Nov 30 23:55:00.998 INFO [stdout]                                at libpanic_unwind/lib.rs:102
Nov 30 23:55:00.998 INFO [stdout]   15:     0x56272fe4ba4c - <F as alloc::boxed::FnBox<A>>::call_box::h6bfded618e480b32
Nov 30 23:55:00.998 INFO [stdout]                                at libstd/panicking.rs:289
Nov 30 23:55:00.998 INFO [stdout]                                at libstd/panic.rs:392
Nov 30 23:55:00.998 INFO [stdout]                                at libstd/thread/mod.rs:408
Nov 30 23:55:00.999 INFO [stdout]                                at liballoc/boxed.rs:672
Nov 30 23:55:00.999 INFO [stdout]   16:     0x5627305b8add - std::sys_common::thread::start_thread::h4c28257d67cdf9cb
Nov 30 23:55:00.999 INFO [stdout]                                at liballoc/boxed.rs:682
Nov 30 23:55:00.999 INFO [stdout]                                at libstd/sys_common/thread.rs:24
Nov 30 23:55:00.999 INFO [stdout]   17:     0x5627305a7fa5 - std::sys::unix::thread::Thread::new::thread_start::hfecb2e7eff8fd34f
Nov 30 23:55:00.999 INFO [stdout]                                at libstd/sys/unix/thread.rs:90
Nov 30 23:55:00.999 INFO [stdout]   18:     0x7f940be3b6b9 - start_thread
Nov 30 23:55:00.999 INFO [stdout]   19:     0x7f940b95b41c - clone
Nov 30 23:55:00.999 INFO [stdout]   20:                0x0 - <unknown>
Nov 30 23:55:00.999 INFO [stdout] 
Nov 30 23:55:00.999 INFO [stdout] ---- resource::tests::test_git_donwload stdout ----
Nov 30 23:55:00.999 INFO [stdout] Error: CommandNotFound { cmd: "\"git\" \"clone\" \"http://github.com/termoshtt/llvmenv\" \"--depth\" \"1\" \"/tmp/.tmpxOx7ZA\"" }
Nov 30 23:55:00.999 INFO [stdout] 
Nov 30 23:55:00.999 INFO [stdout] stack backtrace:
Nov 30 23:55:00.999 INFO [stdout]    0:     0x56273057dfe6 - backtrace::backtrace::libunwind::trace::h64223e38b1db3467
Nov 30 23:55:00.999 INFO [stdout]                         at /cargo-home/registry/src/github.com-1ecc6299db9ec823/backtrace-0.3.9/src/backtrace/libunwind.rs:53
Nov 30 23:55:00.999 INFO [stdout]                          - backtrace::backtrace::trace::h5ae7f2b9d7860414
Nov 30 23:55:00.999 INFO [stdout]                         at /cargo-home/registry/src/github.com-1ecc6299db9ec823/backtrace-0.3.9/src/backtrace/mod.rs:42
Nov 30 23:55:00.999 INFO [stdout]    1:     0x5627305786a3 - backtrace::capture::Backtrace::new_unresolved::h4e19f78a13bd9aa1
Nov 30 23:55:00.999 INFO [stdout]                         at /cargo-home/registry/src/github.com-1ecc6299db9ec823/backtrace-0.3.9/src/capture.rs:88
Nov 30 23:55:00.999 INFO [stdout]    2:     0x562730577003 - failure::backtrace::internal::InternalBacktrace::new::h93a341dc5679e3fe
Nov 30 23:55:00.999 INFO [stdout]                         at /cargo-home/registry/src/github.com-1ecc6299db9ec823/failure-0.1.3/src/backtrace/internal.rs:44
Nov 30 23:55:00.999 INFO [stdout]    3:     0x56273057655c - failure::backtrace::Backtrace::new::h6cc5896610e8414d
Nov 30 23:55:00.999 INFO [stdout]                         at /cargo-home/registry/src/github.com-1ecc6299db9ec823/failure-0.1.3/src/backtrace/mod.rs:111
Nov 30 23:55:00.999 INFO [stdout]    4:     0x56272fe1fb75 - <failure::error::error_impl::ErrorImpl as core::convert::From<F>>::from::he63a2767a2ba25c5
Nov 30 23:55:00.999 INFO [stdout]                         at /cargo-home/registry/src/github.com-1ecc6299db9ec823/failure-0.1.3/src/error/error_impl.rs:19
Nov 30 23:55:00.999 INFO [stdout]    5:     0x56272fe32360 - <failure::error::Error as core::convert::From<F>>::from::h22a84d871301de8e
Nov 30 23:55:00.999 INFO [stdout]                         at /cargo-home/registry/src/github.com-1ecc6299db9ec823/failure-0.1.3/src/error/mod.rs:36
Nov 30 23:55:00.999 INFO [stdout]    6:     0x56272fe2462f - llvmenv::resource::Resource::download::h00c2dd5c4db4c5d3
Nov 30 23:55:00.999 INFO [stdout]                         at src/resource.rs:169
Nov 30 23:55:00.999 INFO [stdout]    7:     0x56272fe2f1c0 - llvmenv::resource::tests::test_git_donwload::h130e2da3076ba622
Nov 30 23:55:00.999 INFO [stdout]                         at src/resource.rs:239
Nov 30 23:55:00.999 INFO [stdout]    8:     0x56272fe2ef0d - llvmenv::resource::tests::test_git_donwload::{{closure}}::h03f00f09aedf08cf
Nov 30 23:55:00.999 INFO [stdout]                         at src/resource.rs:233
Nov 30 23:55:00.999 INFO [stdout]    9:     0x56272fe17dfd - core::ops::function::FnOnce::call_once::hc1c47c1079cb9751
Nov 30 23:55:00.999 INFO [stdout]                         at libcore/ops/function.rs:238
Nov 30 23:55:00.999 INFO [stdout]   10:     0x56272fe3c10e - test::run_test::{{closure}}::h22f923ed51962bb2
Nov 30 23:55:00.999 INFO [stdout]                         at libtest/lib.rs:1468
Nov 30 23:55:00.999 INFO [stdout]                          - core::ops::function::FnOnce::call_once::he2d9197ddf9e830c
Nov 30 23:55:00.999 INFO [stdout]                         at libcore/ops/function.rs:238
Nov 30 23:55:00.999 INFO [stdout]                          - <F as alloc::boxed::FnBox<A>>::call_box::hac903f91577a156c
Nov 30 23:55:00.999 INFO [stdout]                         at liballoc/boxed.rs:672
Nov 30 23:55:00.999 INFO [stdout]   11:     0x5627305ce0f9 - __rust_maybe_catch_panic
Nov 30 23:55:00.999 INFO [stdout]                         at libpanic_unwind/lib.rs:102
Nov 30 23:55:00.999 INFO [stdout]   12:     0x56272fe5dd62 - std::panicking::try::h86d959bc0ec6cdfc
Nov 30 23:55:00.999 INFO [stdout]                         at libstd/panicking.rs:289
Nov 30 23:55:00.999 INFO [stdout]                          - std::panic::catch_unwind::h58f3b0b822e24260
Nov 30 23:55:00.999 INFO [stdout]                         at libstd/panic.rs:392
Nov 30 23:55:00.999 INFO [stdout]                          - test::run_test::run_test_inner::{{closure}}::h6052d99a909b4d79
Nov 30 23:55:00.999 INFO [stdout]                         at libtest/lib.rs:1423
Nov 30 23:55:00.999 INFO [stdout]                          - std::sys_common::backtrace::__rust_begin_short_backtrace::hb8f0d0309526c184
Nov 30 23:55:00.999 INFO [stdout]                         at libstd/sys_common/backtrace.rs:136
Nov 30 23:55:00.999 INFO [stdout]   13:     0x56272fe5e814 - std::thread::Builder::spawn::{{closure}}::{{closure}}::he41bdc16beab5bc6
Nov 30 23:55:00.999 INFO [stdout]                         at libstd/thread/mod.rs:409
Nov 30 23:55:00.999 INFO [stdout]                          - <std::panic::AssertUnwindSafe<F> as core::ops::function::FnOnce<()>>::call_once::h250f97bbd023a26e
Nov 30 23:55:00.999 INFO [stdout]                         at libstd/panic.rs:313
Nov 30 23:55:00.999 INFO [stdout]                          - std::panicking::try::do_call::hc2f7c8b9a348d8db
Nov 30 23:55:00.999 INFO [stdout]                         at libstd/panicking.rs:310
Nov 30 23:55:00.999 INFO [stdout]   14:     0x5627305ce0f9 - __rust_maybe_catch_panic
Nov 30 23:55:00.999 INFO [stdout]                         at libpanic_unwind/lib.rs:102
Nov 30 23:55:00.999 INFO [stdout]   15:     0x56272fe4ba4c - std::panicking::try::h060637bb9966bca1
Nov 30 23:55:00.999 INFO [stdout]                         at libstd/panicking.rs:289
Nov 30 23:55:00.999 INFO [stdout]                          - std::panic::catch_unwind::hbb63bac845704635
Nov 30 23:55:00.999 INFO [stdout]                         at libstd/panic.rs:392
Nov 30 23:55:00.999 INFO [stdout]                          - std::thread::Builder::spawn::{{closure}}::h3a662d8ffcf3ef15
Nov 30 23:55:00.999 INFO [stdout]                         at libstd/thread/mod.rs:408
Nov 30 23:55:00.999 INFO [stdout]                          - <F as alloc::boxed::FnBox<A>>::call_box::h6bfded618e480b32
Nov 30 23:55:00.999 INFO [stdout]                         at liballoc/boxed.rs:672
Nov 30 23:55:00.999 INFO [stdout]   16:     0x5627305b8add - <alloc::boxed::Box<(dyn alloc::boxed::FnBox<A, Output=R> + 'a)> as core::ops::function::FnOnce<A>>::call_once::h107741f455b08c4c
Nov 30 23:55:00.999 INFO [stdout]                         at liballoc/boxed.rs:682
Nov 30 23:55:00.999 INFO [stdout]                          - std::sys_common::thread::start_thread::h4c28257d67cdf9cb
Nov 30 23:55:00.999 INFO [stdout]                         at libstd/sys_common/thread.rs:24
Nov 30 23:55:00.999 INFO [stdout]   17:     0x5627305a7fa5 - std::sys::unix::thread::Thread::new::thread_start::hfecb2e7eff8fd34f
Nov 30 23:55:00.999 INFO [stdout]                         at libstd/sys/unix/thread.rs:90
Nov 30 23:55:00.999 INFO [stdout]   18:     0x7f940be3b6b9 - start_thread
Nov 30 23:55:00.999 INFO [stdout]   19:     0x7f940b95b41c - clone
Nov 30 23:55:00.999 INFO [stdout]   20:                0x0 - <unknown>
Nov 30 23:55:00.999 INFO [stdout] thread 'resource::tests::test_git_donwload' panicked at 'assertion failed: `(left == right)`
Nov 30 23:55:00.999 INFO [stdout]   left: `1`,
Nov 30 23:55:00.999 INFO [stdout]  right: `0`: the test returned a termination value with a non-zero status code (1) which indicates a failure', libtest/lib.rs:337:5
Nov 30 23:55:00.999 INFO [stdout] stack backtrace:
Nov 30 23:55:00.999 INFO [stdout]    0:     0x5627305b626f - std::sys::unix::backtrace::tracing::imp::unwind_backtrace::h3a8b83e1922cbdde
Nov 30 23:55:00.999 INFO [stdout]                                at libstd/sys/unix/backtrace/tracing/gcc_s.rs:49
Nov 30 23:55:00.999 INFO [stdout]    1:     0x5627305c3147 - std::sys_common::backtrace::print::h00d3155a29b4020f
Nov 30 23:55:00.999 INFO [stdout]                                at libstd/sys_common/backtrace.rs:71
Nov 30 23:55:01.000 INFO [stdout]                                at libstd/sys_common/backtrace.rs:59
Nov 30 23:55:01.000 INFO [stdout]    2:     0x5627305bb94f - std::panicking::default_hook::{{closure}}::hd7465c742e79e1bb
Nov 30 23:55:01.000 INFO [stdout]                                at libstd/panicking.rs:211
Nov 30 23:55:01.000 INFO [stdout]    3:     0x5627305bb64e - std::panicking::default_hook::h9e3966f2aa2a6e12
Nov 30 23:55:01.000 INFO [stdout]                                at libstd/panicking.rs:221
Nov 30 23:55:01.000 INFO [stdout]    4:     0x5627305bc02e - std::panicking::rust_panic_with_hook::h587f091ae747d080
Nov 30 23:55:01.000 INFO [stdout]                                at libstd/panicking.rs:476
Nov 30 23:55:01.000 INFO [stdout]    5:     0x5627305bbbd1 - std::panicking::continue_panic_fmt::hb3a4fdede87f43a8
Nov 30 23:55:01.000 INFO [stdout]                                at libstd/panicking.rs:390
Nov 30 23:55:01.000 INFO [stdout]    6:     0x5627305bbb1e - std::panicking::begin_panic_fmt::h387afc7da9a10555
Nov 30 23:55:01.000 INFO [stdout]                                at libstd/panicking.rs:345
Nov 30 23:55:01.000 INFO [stdout]    7:     0x56272fe1e02c - test::assert_test_result::h99dbb7056da97a16
Nov 30 23:55:01.000 INFO [stdout]                                at /source/<::std::macros::panic macros>:8
Nov 30 23:55:01.000 INFO [stdout]    8:     0x56272fe2ef24 - llvmenv::resource::tests::test_git_donwload::{{closure}}::h03f00f09aedf08cf
Nov 30 23:55:01.000 INFO [stdout]                                at src/resource.rs:233
Nov 30 23:55:01.000 INFO [stdout]    9:     0x56272fe17dfd - core::ops::function::FnOnce::call_once::hc1c47c1079cb9751
Nov 30 23:55:01.000 INFO [stdout]                                at libcore/ops/function.rs:238
Nov 30 23:55:01.000 INFO [stdout]   10:     0x56272fe3c10e - <F as alloc::boxed::FnBox<A>>::call_box::hac903f91577a156c
Nov 30 23:55:01.000 INFO [stdout]                                at libtest/lib.rs:1468
Nov 30 23:55:01.000 INFO [stdout]                                at libcore/ops/function.rs:238
Nov 30 23:55:01.000 INFO [stdout]                                at liballoc/boxed.rs:672
Nov 30 23:55:01.000 INFO [stdout]   11:     0x5627305ce0f9 - __rust_maybe_catch_panic
Nov 30 23:55:01.000 INFO [stdout]                                at libpanic_unwind/lib.rs:102
Nov 30 23:55:01.000 INFO [stdout]   12:     0x56272fe5dd62 - std::sys_common::backtrace::__rust_begin_short_backtrace::hb8f0d0309526c184
Nov 30 23:55:01.000 INFO [stdout]                                at libstd/panicking.rs:289
Nov 30 23:55:01.000 INFO [stdout]                                at libstd/panic.rs:392
Nov 30 23:55:01.000 INFO [stdout]                                at libtest/lib.rs:1423
Nov 30 23:55:01.000 INFO [stdout]                                at libstd/sys_common/backtrace.rs:136
Nov 30 23:55:01.000 INFO [stdout]   13:     0x56272fe5e814 - std::panicking::try::do_call::hc2f7c8b9a348d8db
Nov 30 23:55:01.000 INFO [stdout]                                at libstd/thread/mod.rs:409
Nov 30 23:55:01.000 INFO [stdout]                                at libstd/panic.rs:313
Nov 30 23:55:01.000 INFO [stdout]                                at libstd/panicking.rs:310
Nov 30 23:55:01.000 INFO [stdout]   14:     0x5627305ce0f9 - __rust_maybe_catch_panic
Nov 30 23:55:01.000 INFO [stdout]                                at libpanic_unwind/lib.rs:102
Nov 30 23:55:01.000 INFO [stdout]   15:     0x56272fe4ba4c - <F as alloc::boxed::FnBox<A>>::call_box::h6bfded618e480b32
Nov 30 23:55:01.000 INFO [stdout]                                at libstd/panicking.rs:289
Nov 30 23:55:01.000 INFO [stdout]                                at libstd/panic.rs:392
Nov 30 23:55:01.000 INFO [stdout]                                at libstd/thread/mod.rs:408
Nov 30 23:55:01.000 INFO [stdout]                                at liballoc/boxed.rs:672
Nov 30 23:55:01.000 INFO [stdout]   16:     0x5627305b8add - std::sys_common::thread::start_thread::h4c28257d67cdf9cb
Nov 30 23:55:01.000 INFO [stdout]                                at liballoc/boxed.rs:682
Nov 30 23:55:01.000 INFO [stdout]                                at libstd/sys_common/thread.rs:24
Nov 30 23:55:01.000 INFO [stdout]   17:     0x5627305a7fa5 - std::sys::unix::thread::Thread::new::thread_start::hfecb2e7eff8fd34f
Nov 30 23:55:01.000 INFO [stdout]                                at libstd/sys/unix/thread.rs:90
Nov 30 23:55:01.000 INFO [stdout]   18:     0x7f940be3b6b9 - start_thread
Nov 30 23:55:01.000 INFO [stdout]   19:     0x7f940b95b41c - clone
Nov 30 23:55:01.000 INFO [stdout]   20:                0x0 - <unknown>
Nov 30 23:55:01.000 INFO [stdout] 
Nov 30 23:55:01.000 INFO [stdout] 
Nov 30 23:55:01.000 INFO [stdout] failures:
Nov 30 23:55:01.000 INFO [stdout]     resource::tests::test_git_donwload
Nov 30 23:55:01.000 INFO [stdout]     resource::tests::test_tar_download
Nov 30 23:55:01.000 INFO [stdout] 
Nov 30 23:55:01.000 INFO [stdout] test result: FAILED. 3 passed; 2 failed; 0 ignored; 0 measured; 0 filtered out
Nov 30 23:55:01.000 INFO [stdout] 
Nov 30 23:55:01.045 INFO [stderr] error: test failed, to rerun pass '--lib'
Nov 30 23:55:01.051 INFO [stderr] su: No module specific data is present
Nov 30 23:55:02.367 INFO running `"docker" "inspect" "12eed62a63b68a2139a5d9accfde5b116e6485bd639c8189bc56cb946eeb2ac8"`
Nov 30 23:55:02.655 INFO running `"docker" "rm" "-f" "12eed62a63b68a2139a5d9accfde5b116e6485bd639c8189bc56cb946eeb2ac8"`
Nov 30 23:55:02.975 INFO [stdout] 12eed62a63b68a2139a5d9accfde5b116e6485bd639c8189bc56cb946eeb2ac8
